
-1110010100
In base 5, what is 34 + -2103?
-2014
In base 10, what is 1009 + 1?
1010
In base 2, what is 10010011 + 110?
10011001
In base 12, what is 1675 - -4?
1679
In base 11, what is 5 - -874?
879
In base 7, what is 10 + -22?
-12
In base 10, what is -1934 - 1?
-1935
In base 5, what is 121 + -102?
14
In base 6, what is -4 + -2134?
-2142
In base 5, what is 242 + 212?
1004
In base 3, what is 1022 - -1?
1100
In base 15, what is 8 - 103?
-ea
In base 10, what is 960 + -20?
940
In base 5, what is -124 - -204?
30
In base 16, what is -2 + -c?
-e
In base 14, what is 1d + 60?
7d
In base 7, what is -26 + -513?
-542
In base 5, what is 3 + -411?
-403
In base 4, what is -11 - -22?
11
In base 2, what is 100011 + 101?
101000
In base 3, what is -11 - -120101?
120020
In base 4, what is 10 - 200?
-130
In base 15, what is 38 - -14?
4c
In base 4, what is 132 + -13?
113
In base 12, what is -3 - 22a?
-231
In base 15, what is 0 - 119?
-119
In base 7, what is 10 + 1332?
1342
In base 4, what is -22 + 1?
-21
In base 13, what is -3 + -82?
-85
In base 10, what is 19 + 10?
29
In base 4, what is 23 - -1302?
1331
In base 13, what is 25 - 12?
13
In base 14, what is 5 - -19?
20
In base 12, what is 52 - -62?
b4
In base 10, what is 174 + -74?
100
In base 8, what is 3 - 1136?
-1133
In base 16, what is 0 - -36e?
36e
In base 2, what is 11001 - 10011101?
-10000100
In base 16, what is -6f0 - 3?
-6f3
In base 4, what is -10312 + 12?
-10300
In base 15, what is 11d + -1?
11c
In base 13, what is -3 + 33c?
339
In base 2, what is -101011 + -1010?
-110101
In base 5, what is 303 + 10?
313
In base 16, what is -811 + -3?
-814
In base 10, what is -302 + -3?
-305
In base 9, what is -18 + -30?
-48
In base 4, what is 10 - -1223?
1233
In base 2, what is 1000 - 100110?
-11110
In base 10, what is -6 - -39?
33
In base 4, what is -112 - 11?
-123
In base 5, what is 10 - -112?
122
In base 6, what is -5 - 214?
-223
In base 11, what is 14792 + 5?
14797
In base 16, what is 20 + 21?
41
In base 11, what is -44 + 19?
-26
In base 14, what is 1c + d?
2b
In base 9, what is -143 - -4?
-138
In base 13, what is -56 - 16?
-6c
In base 13, what is -2 + 29?
27
In base 16, what is -3c + 2e?
-e
In base 14, what is 3 + -21a?
-217
In base 15, what is -93 - 1b?
-ae
In base 7, what is 2 + -265?
-263
In base 12, what is -7 + -31?
-38
In base 6, what is -55 - -1?
-54
In base 5, what is 10 + 222?
232
In base 14, what is -15 - 1?
-16
In base 16, what is 2 + 23?
25
In base 13, what is -b - 12?
-20
In base 5, what is 144 - 1?
143
In base 5, what is -4 - 134323?
-134332
In base 9, what is -51 + -23?
-74
In base 12, what is 54 - 1?
53
In base 6, what is 3 - 11025?
-11022
In base 6, what is 124 + -55?
25
In base 4, what is -132 - 120?
-312
In base 15, what is -e + 19?
a
In base 7, what is 35 + 0?
35
In base 7, what is -656 - -1?
-655
In base 7, what is -15 - 6?
-24
In base 12, what is -8b - 2?
-91
In base 11, what is 510a - 3?
5107
In base 8, what is 25 + -6?
17
In base 4, what is -10 + -33012?
-33022
In base 2, what is -101101 + 111?
-100110
In base 8, what is -213 + -3?
-216
In base 6, what is 12 - -4201?
4213
In base 7, what is 3 + -3452?
-3446
In base 15, what is -418 + 4?
-414
In base 15, what is 0 + 708?
708
In base 12, what is -2 + 142?
140
In base 2, what is -111000111010 + -101?
-111000111111
In base 16, what is c3 + -3?
c0
In base 4, what is 10 - -331?
1001
In base 8, what is -2153 - 5?
-2160
In base 3, what is -2012 + -2?
-2021
In base 10, what is 0 + 20?
20
In base 4, what is 1313 + -11?
1302
In base 7, what is -11444 + -2?
-11446
In base 11, what is -38 + -6?
-43
In base 5, what is -331 + -1222?
-2103
In base 16, what is -2 - -afc?
afa
In base 10, what is 64 + -12?
52
In base 13, what is 6b + -4?
67
In base 2, what is 0 + 10110010110?
10110010110
In base 4, what is 332212 - 0?
332212
In base 7, what is -150 - 4?
-154
In base 7, what is 6 - -21?
30
In base 12, what is 4 + 1a?
22
In base 11, what is 5 - 2338?
-2333
In base 10, what is 6 - -287?
293
In base 10, what is -6138 + 0?
-6138
In base 10, what is -2 - -15?
13
In base 2, what is 0 + -1110011?
-1110011
In base 2, what is 1010011 + -101?
1001110
In base 11, what is -2 - -3098?
3096
In base 4, what is 1 + 30?
31
In base 10, what is 887 - -13?
900
In base 3, what is 1221 + 11?
2002
In base 2, what is 110100100 + 1101?
110110001
In base 11, what is 3a0 - 7?
394
In base 14, what is bb - -3?
c0
In base 12, what is -18b + -5?
-194
In base 3, what is 211120 - 110?
211010
In base 5, what is -110 - -20?
-40
In base 15, what is 2e7 + 2?
2e9
In base 16, what is 4 - eea?
-ee6
In base 7, what is -2102 + 1?
-2101
In base 10, what is 0 + -10?
-10
In base 12, what is 3 - 205?
-202
In base 6, what is -2022 + -3?
-2025
In base 15, what is -1 - -ad3?
ad2
In base 12, what is 4 + 8a?
92
In base 10, what is 5 + -88?
-83
In base 8, what is -63 + -701?
-764
In base 13, what is -4 + -b48?
-b4c
In base 15, what is -14 + 18?
4
In base 2, what is 11010101 - 1100?
11001001
In base 12, what is 4 - 3559?
-3555
In base 15, what is 2 - -8?
a
In base 5, what is 1 - -1341?
1342
In base 13, what is 143 + 23?
166
In base 2, what is 110101 - -1000?
111101
In base 9, what is -3 - 126?
-130
In base 12, what is -3 - -b61?
b5a
In base 13, what is -19 - -29?
10
In base 10, what is -400 + 2?
-398
In base 13, what is 0 - -1a9?
1a9
In base 5, what is -10 - 12314?
-12324
In base 7, what is -2 - -123?
121
In base 13, what is -4 - 184?
-188
In base 4, what is -1110 + 12?
-1032
In base 3, what is -21202 + -22?
-22001
In base 7, what is 51 - 40?
11
In base 3, what is 12 + 2210122?
2210211
In base 5, what is -4214 + -4?
-4223
In base 15, what is 4 - 44?
-40
In base 16, what is 14 - e?
6
In base 10, what is 99 + -16?
83
In base 14, what is -1133 - -5?
-112c
In base 3, what is -1 - -100102?
100101
In base 16, what is -5 + 283?
27e
In base 12, what is -150 + -2?
-152
In base 15, what is 0 - dbd?
-dbd
In base 3, what is 12 - 21?
-2
In base 9, what is -41171 + 0?
-41171
In base 2, what is -111 + 10000100000?
10000011001
In base 16, what is -6 - 1f?
-25
In base 3, what is 22 + -211?
-112
In base 5, what is 3 + -21?
-13
In base 6, what is 54 + 1?
55
In base 3, what is -201122 - -12?
-201110
In base 5, what is -30 + 31?
1
In base 7, what is -4 - -3456?
3452
In base 3, what is -11011112 + -11?
-11011200
In base 4, what is 1112 - -10?
1122
In base 7, what is -50 + -3?
-53
In base 10, what is -1 + -5320?
-5321
In base 7, what is -12343 + -5?
-12351
In base 14, what is 816 + 0?
816
In base 11, what is -4 - a0?
-a4
In base 8, what is 12651 + 5?
12656
In base 6, what is 3 + 3351?
3354
In base 4, what is -1001 + -1001?
-2002
In base 16, what is 67 - -5?
6c
In base 9, what is -4 - 147?
-152
In base 11, what is -5 - 296a?
-2974
In base 13, what is -9 - 0?
-9
In base 9, what is 15 + -3?
12
In base 5, what is 2103 - 10?
2043
In base 4, what is 32210 + -2?
32202
In base 8, what is -254 + 2?
-252
In base 6, what is 23552 - 5?
23543
In base 15, what is -3 + -9b?
-9e
In base 16, what is -3 + -a8?
-ab
In base 6, what is -211 - 1?
-212
In base 13, what is 3 - -132?
135
In base 8, what is 3 + 40?
43
In base 11, what is 10 - 2?
9
In base 5, what is 4 + -30?
-21
In base 12, what is 11 + -103?
-b2
In base 11, what is 5 - -482?
487
In base 2, what is -10100111 - -11?
-10100100
In base 16, what is 2d - 1?
2c
In base 7, what is -303 + -4?
-310
In base 6, what is 4 + -45?
-41
In base 4, what is -10123112 - -3?
-10123103
In base 9, what is -16 - -514?
487
In base 5, what is 41 - 3?
33
In base 16, what is a4 - 1e?
86
In base 7, what is 32 + 22?
54
In base 7, what is 156 - -2?
161
In base 10, what is -4 - -117?
113
In base 15, what is -7 - c?
-14
In base 14, what is -7 + -11?
-18
In base 8, what is 56 - 5?
51
In base 3, what is -1021020 - 2?
-1021022
In base 7, what is -124662 - -4?
-124655
In base 10, what is -16 - 0?
-16
In base 3, what is -1220 - -122?
-1021
In base 16, what is 7c9f - -4?
7ca3
In base 3, what is 1220 + 112?
2102
In base 14, what is -4 + 44b?
447
In base 8, what is -1 + -645?
-646
In base 10, what is -1 - 5?
-6
In base 3, what is 200 + -10?
120
In base 3, what is -1221 + -2?
-2000
In base 6, what is -3 + -4?
-11
In base 15, what is 0 - -4d?
4d
In base 9, what is 15475 - 2?
15473
In base 16, what is -2e - -145?
117
In base 15, what 